igit of 5386530?
8
What is the tens digit of 697786?
8
What is the units digit of 310118?
8
What is the ten thousands digit of 256037?
5
What is the tens digit of 7277274?
7
What is the units digit of 301?
1
What is the thousands digit of 973577?
3
What is the ten thousands digit of 1470892?
7
What is the ten thousands digit of 580205?
8
What is the millions digit of 2397759?
2
What is the units digit of 1524137?
7
What is the hundred thousands digit of 15606669?
6
What is the hundred thousands digit of 184480?
1
What is the units digit of 2687202?
2
What is the hundred thousands digit of 1135167?
1
What is the millions digit of 5502829?
5
What is the thousands digit of 1150236?
0
What is the thousands digit of 35821?
5
What is the tens digit of 588115?
1
What is the ten millions digit of 23391979?
2
What is the tens digit of 196799?
9
What is the hundreds digit of 16985438?
4
What is the ten millions digit of 22588531?
2
What is the hundreds digit of 505600?
6
What is the thousands digit of 53562?
3
What is the ten thousands digit of 149314?
4
What is the hundreds digit of 2738787?
7
What is the hundred thousands digit of 224150?
2
What is the units digit of 164871?
1
What is the thousands digit of 33425479?
5
What is the ten thousands digit of 928808?
2
What is the thousands digit of 3475156?
5
What is the thousands digit of 1180237?
0
What is the thousands digit of 941633?
1
What is the thousands digit of 2955618?
5
What is the thousands digit of 195415?
5
What is the millions digit of 16707825?
6
What is the hundreds digit of 774027?
0
What is the units digit of 150502?
2
What is the thousands digit of 5810169?
0
What is the ten thousands digit of 58983?
5
What is the thousands digit of 165353?
5
What is the thousands digit of 1198676?
8
What is the hundred thousands digit of 949076?
9
What is the hundreds digit of 216589?
5
What is the units digit of 1415027?
7
What is the ten thousands digit of 362426?
6
What is the hundreds digit of 468899?
8
What is the hundreds digit of 85602?
6
What is the units digit of 9489069?
9
What is the thousands digit of 3198697?
8
What is the thousands digit of 1159412?
9
What is the hundred thousands digit of 146768?
1
What is the thousands digit of 241827?
1
What is the tens digit of 4132373?
7
What is the thousands digit of 2566637?
6
What is the thousands digit of 243259?
3
What is the thousands digit of 2361316?
1
What is the hundred thousands digit of 35209666?
2
What is the ten thousands digit of 11679259?
7
What is the ten thousands digit of 132080?
3
What is the hundreds digit of 58934?
9
What is the hundreds digit of 39697?
6
What is the ten thousands digit of 205796?
0
What is the tens digit of 7077212?
1
What is the tens digit of 4407926?
2
What is the thousands digit of 92295?
2
What is the hundred thousands digit of 795247?
7
What is the tens digit of 835596?
9
What is the thousands digit of 844204?
4
What is the hundred thousands digit of 155199?
1
What is the thousands digit of 283970?
3
What is the units digit of 203092?
2
What is the ten thousands digit of 993960?
9
What is the millions digit of 6581872?
6
What is the tens digit of 725801?
0
What is the units digit of 1337158?
8
What is the millions digit of 9321607?
9
What is the tens digit of 40722876?
7
What is the tens digit of 249995?
9
What is the tens digit of 8487717?
1
What is the tens digit of 1418270?
7
What is the hundreds digit of 14390523?
5
What is the thousands digit of 98875?
8
What is the hundred thousands digit of 684446?
6
What is the hundred thousands digit of 1607073?
6
What is the hundreds digit of 941168?
1
What is the thousands digit of 449593?
9
What is the units digit of 1528063?
3
What is the units digit of 7119836?
6
What is the tens digit of 26799?
9
What is the units digit of 90773?
3
What is the tens digit of 176092?
9
What is the hundred thousands digit of 11721577?
7
What is the ten thousands digit of 846851?
4
What is the units digit of 266172?
2
What is the tens digit of 369706?
0
What is the tens digit of 762899?
9
What is the hundreds digit of 2655064?
0
What is the units digit of 8945270?
0
What is the hundreds digit of 9141291?
2
What is the tens digit of 2045293?
9
What is the hundreds digit of 23944085?
0
What is the hundreds digit of 1830146?
1
What is the ten thousands digit of 59559?
5
What is the hundreds digit of 257376?
3
What is the ten thousands digit of 11788453?
8
What is the hundreds digit of 591289?
2
What is the thousands digit of 1978831?
8
What is the ten millions digit of 20788380?
2
What is the thousands digit of 144016?
4
What is the units digit of 10743445?
5
What is the ten millions digit of 18226821?
1
What is the units digit of 40358241?
1
What is the units digit of 9299911?
1
What is the hundreds digit of 1747362?
3
What is the tens digit of 589132?
3
What is the hundreds digit of 331433?
4
What is the millions digit of 12036108?
2
What is the hundreds digit of 122105?
1
What is the ten thousands digit of 5322945?
2
What is the ten thousands digit of 313697?
1
What is the hundreds digit of 45988?
9
What is the hundreds digit of 4062096?
0
What is the units digit of 1770686?
6
What is the hundreds digit of 7347249?
2
What is the ten thousands digit of 1285328?
8
What is the units digit of 543540?
0
What is the tens digit of 582400?
0
What is the hundreds digit of 274315?
3
What is the ten thousands digit of 480795?
8
What is the ten thousands digit of 164707?
6
What is the hundreds digit of 462069?
0
What is the tens digit of 3719389?
8
What is the ten thousands digit of 435619?
3
What is the tens digit of 33953?
5
What is the millions digit of 32726489?
2
What is the units digit of 2741428?
8
What is the hundred thousands digit of 591264?
5
What is the tens digit of 495762?
6
What is the units digit of 294838?
8
What is the ten thousands digit of 735631?
3
What is the hundred thousands digit of 8715493?
7
What is the ten thousands digit of 906485?
0
What is the thousands digit of 1033950?
3
What is the hundred thousands digit of 179032?
1
What is the thousands digit of 82182?
2
What is the thousands digit of 34370730?
0
What is the hundred thousands digit of 14109355?
1
What is the units digit of 236493?
3
What is the ten thousands digit of 408229?
0
What is the units digit of 966387?
7
What is the units digit of 2606958?
8
What is the ten thousands digit of 415241?
1
What is the units digit of 508651?
1
What is the millions digit of 3810729?
3
What is the hundred thousands digit of 549703?
5
What is the units digit of 2700555?
5
What is the thousands digit of 4414681?
4
What is the thousands digit of 82447?
2
What is the hundreds digit of 1573823?
8
What is the tens digit of 110057?
5
What is the units digit of 671146?
6
What is the ten millions digit of 18109157?
1
What is the tens digit of 847257?
5
What is the ten thousands digit of 701178?
0
What is the tens digit of 5522256?
5
What is the tens digit of 2370990?
9
What is the millions digit of 12949794?
2
What is the tens digit of 4773142?
4
What is the thousands digit of 1609047?
9
What is the tens digit of 264135?
3
What is the hundreds digit of 277665?
6
What is the tens digit of 113717?
1
What is the thousands digit of 1531012?
1
What is the units digit of 251459?
9
What is the hundred thousands digit of 289054?
2
What is the units digit of 1361462?
2
What is the thousands digit of 18307?
8
What is the ten thousands digit of 10906647?
0
What is the units digit of 68592?
2
What is the ten thousands digit of 1083678?
8
What is the thousands digit of 983294?
3
What is the hundreds digit of 339951?
9
What is the units digit of 679117?
7
What is the hundreds digit of 178795?
7
What is the units digit of 517794?
4
What is the ten thousands digit of 1473862?
7
What is the hundreds digit of 6740424?
4
What is the thousands digit of 205155?
5
What is the tens digit of 2760835?
3
What is the thousands digit of 164887?
4
What is the tens digit of 8221130?
3
What is the millions digit of 1825749?
1
What is the thousands digit of 420464?
0
What is the tens digit of 1788156?
5
What is the thousands digit of 397024?
7
What is the hundreds digit of 1213996?
9
What is the tens digit of 1157292?
9
What is the tens digit of 86387?
